te the remainder when 0 - -59 - (0 + -4) is divided by 16.
15
Suppose -n - 3*n - 5*j + 51 = 0, -9 = -3*j. Calculate the remainder when 17 is divided by n.
8
Let d(w) = -9 + 3 + w + w. Suppose -10*x + 20 = -5*x. What is the remainder when d(x) is divided by 2?
0
Let g(k) = -39*k + 3. What is the remainder when g(-1) is divided by 11?
9
Suppose 4*r - 228 = -4*g - 0*r, 5*r = 5*g - 255. Calculate the remainder when g is divided by 29.
25
Let b = 25 + -10. Calculate the remainder when b is divided by 6.
3
Let l = 107 - 21. Suppose d - 13 = 4*c - 5, -l = -5*d - 3*c. Calculate the remainder when d is divided by 6.
4
Let p be (1 - 4)/((-3)/(-4)). What is the remainder when (1 + p)*(-1)/1 is divided by 2?
1
Suppose 0 = -3*p + 37 + 11. Let z(k) = -k**3 - 9*k**2 + 8*k + 10. Let m be z(-10). Calculate the remainder when 9/(2*3/m) is divided by p.
13
Let l = 43 - 68. Let m = l - -40. Calculate the remainder when 28 is divided by m.
13
Let u(s) = s + 55. Let d = 2 + -6. Calculate the remainder when u(0) is divided by (-19)/((8/2)/d).
17
Let z(l) = -3*l - 6. Let f = -58 - -63. Calculate the remainder when z(-5) is divided by f.
4
Let m(j) = -j**2 - 8*j - 10. Calculate the remainder when 7 is divided by m(-5).
2
Let n(t) = t**3 + t - 2. Let o be n(2). Suppose 28 = 2*s - 5*f, 4*s + 0*f + 2*f = o. What is the remainder when 7 is divided by s?
3
Let a = 17 + -15. What is the remainder when 2 is divided by a?
0
Let v(s) = 2*s + 16. Calculate the remainder when v(0) is divided by 3.
1
Suppose 6*b = 36 + 42. Calculate the remainder when 23 is divided by b.
10
Suppose 0 = l - 1, -3*i + l = 2*l - 10. What is the remainder when 10 is divided by i?
1
Let w be -12*(-1)/(-2)*-2. Suppose -s = 3*s - w. What is the remainder when (4 + (-72)/15)*(-10)/1 is divided by s?
2
Suppose -4*t - 3*b = -39, 0*t - 4*b = t - 13. Calculate the remainder when 16 is divided by t.
7
Let i(x) = -4*x**3. Let h be i(-1). Suppose h*z + 17 = 5*g, -1 + 10 = -3*z + 3*g. What is the remainder when 4/((3 - 1)/2) is divided by z?
0
Let h(t) = t**3 - 10*t**2 + 24. Calculate the remainder when h(10) is divided by 5.
4
Let v = -3 - -5. Let r(c) = -v*c**2 + c**2 - 8*c + 0*c**2 - 2. Calculate the remainder when 8 is divided by r(-7).
3
Let t(n) = n**2 - n. Calculate the remainder when t(-4) is divided by 3.
2
Suppose 6*i = i + 15. Suppose i*u = 6*u - 12. Calculate the remainder when u is divided by 4.
0
Let i = 210 - 74. What is the remainder when i is divided by 35?
31
Let k = 75 - 72. What is the remainder when 7/1*1 - 0 is divided by k?
1
Suppose 2*k + 2*x - 3*x - 7 = 0, 4*k = -x - 1. Let b be (k - -1*16) + -2. Calculate the remainder when -3*1/(-3) + b is divided by 6.
4
Let c = 20 + 49. What is the remainder when 273 is divided by c?
66
Let c(y) = -5*y - 7. Calculate the remainder when 89 is divided by c(-6).
20
Suppose -9*l + 115 = -4*l. What is the remainder when 41 is divided by l?
18
Let l(h) = h**3 - 5*h**2 + 4*h + 4. Suppose 3*q = -2*y - 18, 3*q + 6 + 12 = 2*y. Let x = 8 + q. What is the remainder when l(4) is divided by x?
0
Let x(s) = s**2 + 1. Let a(q) = q**3 - 2*q**2 + 10. Let t(f) = -a(f) + 4*x(f). Suppose -4*z = -9*z + 25. What is the remainder when t(z) is divided by 11?
8
Suppose -2*u + 20 = 4*j, 0 = -5*j - u - 2*u + 26. Suppose c - 73 = -j*m, 0*c + 41 = 2*m - c. Calculate the remainder when m is divided by 10.
9
Let m(i) = -i - 8. Let b be m(-10). Suppose -48 - 2 = -b*l. What is the remainder when l is divided by (1/2)/((-1)/(-26))?
12
Suppose 3*l = -l + 4*x + 56, -5*x + 2 = 3*l. What is the remainder when 34 is divided by l?
7
Suppose -12 = -4*k + 4. Suppose k*b - 33 = 23. Let d = -12 + 17. What is the remainder when b is divided by d?
4
Let t = 10 + -4. Suppose -8*f + 138 = 3*a - 4*f, 3*a - 129 = -f. Suppose t*k - 10 = 4*k - 4*p, -4*k + 3*p = -a. Calculate the remainder when 25 is divided by k.
7
Let w(m) = -m + 46. Calculate the remainder when w(7) is divided by 5.
4
Suppose 0*r + 5*v + 10 = -2*r, 3*r = -v - 2. Suppose r = -2*a + 6*a. Suppose j - 3*j + 16 = a. Calculate the remainder when 31 is divided by j.
7
Let w = 14 - 10. What is the remainder when 54 is divided by (-1)/(w/(-12)) - -8?
10
Let m(v) = v - 9. Suppose h + 1 - 10 = 0. Let o be m(h). Calculate the remainder when (-4)/(o + (-1)/5) is divided by 7.
6
Suppose -2*a + 10 = -10. Calculate the remainder when a is divided by 6.
4
Let i = 16 + 44. What is the remainder when i is divided by 21?
18
Let a(z) = 6*z**2 - z + 1. Suppose 0 = -8*k + 6*k + 40. What is the remainder when a(-3) is divided by k?
18
Suppose y + 2 = 0, 0 = -4*p + 4*y + 86 + 10. What is the remainder when p is divided by 8?
6
Calculate the remainder when (84/35)/(4/30) is divided by 10.
8
Calculate the remainder when 2/9 - 1/18*-302 is divided by 7.
3
Suppose 3*b = 5*w + 2*b - 80, -16 = -w + 4*b. Calculate the remainder when w is divided by 6.
4
Let g(v) = -6*v + 26. What is the remainder when g(-9) is divided by 28?
24
Let p be 813/12 - 1/(-4). Let s = p + -22. Calculate the remainder when s is divided by (4 - (-152)/(-20))*(-20)/6.
10
Suppose 5*m + 0*u + 3*u = 35, -2*u = -10. Calculate the remainder when 9 is divided by m.
1
Let q = -4 + 0. Let d be 78/9 - q/(-6). Suppose d*l - 55 = 3*l. Calculate the remainder when 32 is divided by l.
10
Let f(z) = -13*z + 2. Calculate the remainder when f(-4) is divided by 11.
10
Let w(t) = -2*t - 4. Suppose -3*i = -g + 6*g - 33, 49 = 5*g - i. What is the remainder when g is divided by w(-4)?
1
Let y(o) = -o**3 - 5*o**2 - o - 8. Suppose -5*x = -2*x + 3. Let n = 13 + x. Calculate the remainder when y(-6) is divided by n.
10
Let k = 22 + 34. What is the remainder when 39 is divided by (-5)/10*k/(-2)?
11
Let c(z) = -28*z + 1. Let v be c(-2). Suppose -d = 2*n + 41, n + 4*n = -5*d - 180. Let f = v + d. What is the remainder when f is divided by 14?
12
Suppose -28 - 37 = 5*j. What is the remainder when 38 is divided by (-1)/(0 + 1/j)?
12
What is the remainder when ((-3)/(-6))/((-10)/(-2260)) is divided by 19?
18
Let f(c) = c**3 + 10*c**2 - 12*c + 3. Let x be f(-11). Let m = x - 6. Let y(l) = -22*l**3 + 2*l**2 + l. What is the remainder when y(-1) is divided by m?
7
Let z(u) = 12*u**3 + u. Calculate the remainder when 23 is divided by z(1).
10
Let p(z) = 4*z**2 - 6*z - 29. Let b(a) = 5*a**2 - 7*a - 28. Let t(n) = 5*b(n) - 6*p(n). What is the remainder when t(0) is divided by 9?
7
Let q(u) = 5*u**2 + 3*u. Let b(a) = -a**2 - 8*a - 7. Let x(z) = 2*z + 10. Let s be x(-8). Calculate the remainder when q(-2) is divided by b(s).
4
Suppose -5*k - 3*p + 11 = -28, -2*k + 20 = -p. Calculate the remainder when 25 is divided by k.
7
Let j = 105 + -57. What is the remainder when j is divided by 13?
9
Suppose 15 = 3*m, -3*m - 42 = -f - 5*m. What is the remainder when 62 is divided by f?
30
Let h be 2 + -3 + 1 + 3. Suppose -2*j + 1 + 1 = -4*w, 7 = h*j - 5*w. Suppose -l + 2 = -3. What is the remainder when j is divided by l?
4
Suppose 4 = 4*z - 8. Calculate the remainder when 5 is divided by z.
2
Let k = -46 + 89. Calculate the remainder when k is divided by 11.
10
Let t = -16 - -19. What is the remainder when (6*-1)/((-3)/2) is divided by t?
1
Suppose 0 = -5*r + 65 + 30. Let k = r - 11. What is the remainder when 13 is divided by k?
5
Let i = 526 - 326. What is the remainder when i is divided by 29?
26
Suppose -51 = -0*o + o. Let g = o + 81. Calculate the remainder when g is divided by 16.
14
Let n = 4 - -7. Calculate the remainder when 30 is divided by n.
8
Let h(f) = 3*f**2 - 5*f + 5. Suppose -4*z + 26 = -3*z. Calculate the remainder when z is divided by h(2).
5
Suppose -4*c + v + 36 = 5*v, 5*c - 59 = 2*v. What is the remainder when 40 is divided by c?
7
Let n(l) = 5*l**3 + 2*l**2 - l. What is the remainder when 23 is divided by n(1)?
5
Suppose z - 178 = -z. Calculate the remainder when z is divided by 23.
20
Let s(c) = 8*c - 9. Calculate the remainder when s(6) is divided by 21.
18
Let l(q) = 2*q**2 - 3*q - 1. Let j be (-4)/10 + (-106)/10. Let r = j + 8. Calculate the remainder when l(r) is divided by 9.
8
Suppose -4*g + 7*x - 4*x + 188 = 0, 4*x = g - 47. Let s = -34 + g. What is the remainder when 25 is divided by s?
12
Let f = -23 - -32. Let c(x) = 3*x**2 + 4*x + 5. Let v be c(-4). Let k = v + -32. What is the remainder when f is di